. Give v(-14).
0
Let b(p) = p**2 + 7*p + 13. Determine b(-7).
13
Let f(g) = -g**2 - 4*g. Determine f(-6).
-12
Let w(d) = -2*d + 12. Give w(9).
-6
Let x(m) = -24*m + 2. Determine x(-1).
26
Let w(h) = 3*h + 31. Calculate w(0).
31
Let v(s) = -s**2 - 2*s + 2. Determine v(1).
-1
Let k(v) = -15*v**3 + 120*v**2 + v + 4. Determine k(8).
12
Let b(y) = -y**3 + 7*y**2 - 2*y + 9. Calculate b(7).
-5
Let n(f) = -5*f - 21. Give n(-6).
9
Let m(f) = -4*f. What is m(-2)?
8
Let h(g) = -g**3 + 8*g**2 + 6*g - 6. What is h(9)?
-33
Let s(p) = 4*p - 4. Give s(2).
4
Let y(w) = -w**3 - 9*w**2 + 6*w + 14. Calculate y(-10).
54
Let c(z) = 5*z**2 - 39*z + 48. What is c(6)?
-6
Let r(w) = 2*w - 1. Determine r(10).
19
Let k(g) = 3*g - 6. What is k(6)?
12
Let t(f) = -f**3 - 16*f**2 - 60*f - 45. What is t(-11)?
10
Let y(l) = -l**3 - 12*l**2 + 13*l + 8. What is y(-13)?
8
Let s(x) = 8*x - 4. Give s(5).
36
Let p(o) = -2*o - 18. Determine p(-17).
16
Let h(g) = g**2 + 7*g - 1. Determine h(-9).
17
Let p(t) = 2*t - 3. Determine p(0).
-3
Let i(j) = j**3 - 4*j**2 - 11*j + 9. What is i(5)?
-21
Let t(b) = -b**3 - 9*b**2 - 7*b + 6. What is t(-8)?
-2
Let w(o) = -o**3 + 2*o**2 + o + 3. Calculate w(3).
-3
Let w(v) = -67*v + 737. What is w(11)?
0
Let u(n) = -15*n + 63. What is u(4)?
3
Let g(x) = x**3 - 10*x**2 - 4*x - 6. Give g(10).
-46
Let q(w) = -w**2 - 5*w + 15. What is q(-8)?
-9
Let q(o) = -o**3 - 7*o**2 + 17*o - 3. Calculate q(-9).
6
Let m(p) = -p**3 - 4*p**2 + p + 3. Calculate m(-3).
-9
Let a(g) = -g**2 - 11*g - 8. Determine a(-8).
16
Let o(k) = 2*k**3 - 14*k**2 + 21*k + 1. Determine o(5).
6
Let m(l) = 15*l + 2. What is m(-2)?
-28
Let p(g) = 15*g + 19. Give p(-1).
4
Let q(b) = b**3 - 3*b**2 + 2*b. Calculate q(2).
0
Let y(d) = -3*d. What is y(11)?
-33
Let b(d) = 4*d + 118. Give b(-28).
6
Let t(v) = 2*v - 1. Determine t(3).
5
Let p(t) = 29*t**2 + 2*t - 1. Calculate p(1).
30
Let t(q) = q**3 - 40*q**2 - 40*q - 42. Determine t(41).
-1
Let t(p) = -p**3 - 12*p**2 - 13*p + 3. Calculate t(-11).
25
Let d(p) = 31*p + 22. What is d(-1)?
-9
Let a(r) = 16*r - 4. What is a(2)?
28
Let n(s) = s**3 - 16*s**2 + 7*s - 9. Give n(16).
103
Let s(f) = -2*f**3 - 29*f**2 - 45*f - 71. Give s(-13).
7
Let o(y) = 2*y**2 - 10*y - 16. Determine o(7).
12
Let q(f) = f**2 + 10*f + 17. Calculate q(-5).
-8
Let s(l) = 2*l**3 + 14*l**2 - l - 12. What is s(-7)?
-5
Let b(j) = j**3 - 5*j**2 - 4*j + 3. Calculate b(0).
3
Let s(p) = p**3 - 14*p**2 - 17*p - 20. What is s(15)?
-50
Let c(j) = -25*j**2 - 2*j. What is c(-2)?
-96
Let k(n) = -n**3 - 8*n**2 - 4*n + 9. Determine k(-7).
-12
Let o(y) = y**2 - 7*y - 21. What is o(-4)?
23
Let k(r) = 12*r + 159. What is k(-14)?
-9
Let z(g) = g**3 + 6*g**2 + 10*g + 11. What is z(-5)?
-14
Let b(w) = -7*w**2 - 2*w. What is b(-1)?
-5
Let l(b) = -b**3 - 27*b**2 + 25*b - 59. What is l(-28)?
25
Let n(s) = -s**3 + 10*s**2 - 9*s + 2. Calculate n(9).
2
Let a(w) = -w**3 - w**2 + w + 1. Determine a(-4).
45
Let g(v) = v**3 - v**2 + 28. What is g(0)?
28
Let l(b) = b - 8. Calculate l(-5).
-13
Let t(z) = 2*z**2 - 3*z - 17. Calculate t(0).
-17
Let n(l) = -2*l**3 + 11*l**2 + 6*l - 1. What is n(6)?
-1
Let r(h) = 2*h**3 + 2*h**2 + 5*h - 3. What is r(3)?
84
Let d(t) = -t**3 + 2*t**2 - t. What is d(3)?
-12
Let f(i) = -16*i + 32. Determine f(6).
-64
Let o(p) = 16*p - 76. Give o(4).
-12
Let s(x) = x**3 - 3*x**2 + x + 2. Calculate s(2).
0
Let f(t) = t**3 + 12*t**2 + 25*t - 13. Calculate f(-9).
5
Let y(b) = b + 31. What is y(0)?
31
Let h(q) = -q**2 + q - 4. Give h(3).
-10
Let s(c) = -c**2 + 24*c - 85. Calculate s(20).
-5
Let z(t) = t**3 - 3*t**2 - 7*t + 2. What is z(-5)?
-163
Let f(b) = 10*b + 11. What is f(-6)?
-49
Let h(w) = 2*w**2 - 11*w + 4. Give h(5).
-1
Let g(h) = -h**3 - 12*h**2 - 11*h - 16. Calculate g(-11).
-16
Let j(a) = -a**3 - 9*a**2 - 6*a + 9. Determine j(-8).
-7
Let w(h) = 22*h - 56. What is w(2)?
-12
Let b(v) = 5*v + 107. Give b(-19).
12
Let j(v) = -4*v**2 + v + 22. Give j(-4).
-46
Let b(s) = s**3 - 3*s**2 - 40*s - 5. Determine b(8).
-5
Let i(x) = -2*x**3 + 6*x**2 - 3*x + 5. Give i(4).
-39
Let m(s) = -9*s + 11. Give m(-1).
20
Let a(w) = -w**2 - 10*w + 3. Give a(-12).
-21
Let d(t) = 11*t**2 - t. Give d(-1).
12
Let m(k) = 3*k. Give m(-3).
-9
Let w(v) = -2*v**3 + v + 1. What is w(2)?
-13
Let t(c) = c**2 + 4*c + 2. What is t(-3)?
-1
Let f(v) = -32*v + 4. Calculate f(2).
-60
Let m(h) = -2*h**3 + 3*h**2 - 89*h + 88. Give m(1).
0
Let l(d) = 2*d**2 + 14*d - 17. Calculate l(-8).
-1
Let s(g) = -2*g**2 + 16*g + 149. What is s(-6)?
-19
Let r(x) = 104*x + 313. Give r(-3).
1
Let i(z) = -z**3 + 3*z**2 + 4*z - 4. Calculate i(2).
8
Let i(b) = b**3 - 5*b**2 + 2. Calculate i(3).
-16
Let c(f) = 2*f**2 - 13*f - 18. Determine c(8).
6
Let l(n) = -3*n + 33. Determine l(14).
-9
Let d(v) = -58*v. Calculate d(-1).
58
Let j(f) = f**2 - 12*f - 9. Give j(5).
-44
Let w(g) = -g**2 - 3*g + 87. Calculate w(0).
87
Let p(v) = -v**3 + 12*v**2 + v + 6. Determine p(12).
18
Let u(x) = x**2 - 2*x + 6. Give u(6).
30
Let z(i) = -i**2 + 14*i - 41. Give z(11).
-8
Let d(f) = -6*f**2 - 4*f + 6. Determine d(2).
-26
Let p(u) = u**2 - u - 2. Calculate p(-1).
0
Let m(s) = 32*s + 4. Give m(2).
68
Let d(m) = m - 3. Calculate d(6).
3
Let z(n) = -n**3 + 6*n**2 - 5*n + 5. What is z(6)?
-25
Let v(i) = i**2 + 7*i - 6. Give v(-6).
-12
Let f(d) = -d**3 + 10*d**2 + 7*d + 14. Determine f(11).
-30
Let h(k) = 26*k + 37. Determine h(-2).
-15
Let i(w) = w**2 + w - 7. Determine i(-3).
-1
Let p(s) = 2*s**2 - 25*s + 15. Calculate p(12).
3
Let y(n) = n - 5. What is y(7)?
2
Let j(p) = p**3 + 4*p - 3. Calculate j(3).
36
Let h(g) = 6*g**2 + 3*g + 3. Calculate h(-1).
6
Let q(g) = g + 2. Give q(-13).
-11
Let y(u) = u**3 - 4*u**2 + u - 3. Determine y(-4).
-135
Let w(g) = g**2 + 6*g + 37. Give w(-4).
29
Let f(k) = k**2 + 5*k - 95. Determine f(8).
9
Let w(a) = 2*a**3 - 2*a**2 - a + 1. Determine w(-2).
-21
Let a(h) = -h**3 + 8*h**2 - 7*h - 3. What is a(6)?
27
Let p(m) = -m**3 + 20*m**2 - 2*m + 13. Calculate p(20).
-27
Let u(d) = -12*d**3 + d**2 + d - 1. What is u(1)?
-11
Let x(s) = s**3 - 50*s**2 - 107*s + 149. Give x(52).
-7
Let b(v) = 13*v + 625. Give b(-49).
-12
Let q(u) = -u**2 - 1. Determine q(2).
-5
Let j(d) = d**3 - 4*d + 5. Calculate j(2).
5
Let k(l) = 13*l + 2. What is k(2)?
28
Let v(p) = 5*p + 2. Calculate v(2).
12
Let m(b) = b**3 - 9*b**2 - 11*b + 8. What is m(10)?
-2
Let p(y) = -24*y + 289. Determine p(12).
1
Let c(g) = -28*g - 2. Calculate c(-2).
54
Let x(r) = r**2 + 9*r + 2. Give x(-8).
-6
Let h(c) = -6*c + 244. Calculate h(40).
4
Let c(u) = u**2 + 4. Give c(0).
4
Let f(g) = g**3 + 4*g**2 + 2*g - 4. Calculate f(-4).
-12
Let y(k) = 6*k - 35. Determine y(8).
13
Let i(x) = x**3 - 48*x**2 - 54*x + 246. What is i(49)?
1
Let q(r) = -11*r - 16. Calculate q(6).
-82
Let n(r) = -r**2 + 7*r + 49. Give n(11).
5
Let u(j) = -2*j**2 - 11*j + 6. What is u(-8)?
-34
Let t(o) = -2*o**2 - 48*o + 21. Give t(-24).
21
Let x(k) = 11*k**2 - 10*k - 3. Determine x(1).
-2
Let n(g) = g**2 - 14*g - 2. Give n(12).
-26
Let q(i) = 2*i**3 + 4*i**2 + 3. Determine q(-3).
-15
Let g(r) = -r**2 + r + 36. Calculate g(-9).
-54
Let i(k) = k**2 - 11*k - 9. What is i(11)?
-9
Let i(a) = -2*a**3 - 21*a**2 - 10*a + 22. Calculate i(-10).
22
Let o(k) = -k**3 - 22*k**2 - 2*k - 39. Calculate o(-22).
5
Let x(f) = f**3 + 2*f - 12. Give x(0).
-12
Let h(f) = f + 2. Calculate h(-1).
1
Let x(c) = -c**3 + 11*c**2 + 3. Give x(11).
3
Let l(p) = p**3 + 15*p**2 + 21*p - 40. Calculate l(-13).
25
Let l(c) = -c**3 + 2*c**2 - 4*c + 2. What is l(5)?
-93
Let u(c) = -5*c - 32. Calculate u(-8).
8
Let g(f) = -3*f**3 - f**2 + 3*f + 2. What is g(-2)?
16
Let v(j) = -j - 11. Determine v(9).
-20
Let j(w) = -w**2 + 14*w + 69. Calculate j(16).
37
Let x(l) = -l**3 - 3*l**2 - 2*l - 24. What is x(-4)?
0
Let w(v) = v**3 - 3*v**2 - 2*v + 4. Calculate w(2).
-4
Let p(n) = -n**2 + 5*n + 9. Determine p(8).
-15
Let b(v) = -v**3 + 7*v**2 + 7*v - 26. Calculate b(3).
31
Let p(y) = -y**3 - 5*y**2 + 9*y + 3. Determine p(-6).
-15
Let l(b) = -b + 2. Calculate l(-8).
10
Let d(z) = -2*z**2 + 5*z + 1. Give d(4).
-11
Let n(h) = -2*h**2 - 29*h - 114. Calculate n(-8).
-10
Let z(q) = 5*q - 91. Calculate z(19).
4
Let j(o) = -7*o - 51. Calculate j(-21).
96
Let c(r) = -r**3 - 10*r**2 + 12*r - 39. Give c(-12).
105
Let q(u) = -u**3 + 9*u**2 - 12*u + 18. What is q(8)?
-1